{"id":8,"date":"2018-08-28T20:05:52","date_gmt":"2018-08-28T20:05:52","guid":{"rendered":"http:\/\/reforma-pr.com\/?page_id=8"},"modified":"2018-10-29T15:41:00","modified_gmt":"2018-10-29T15:41:00","slug":"home","status":"publish","type":"page","link":"https:\/\/reforma-pr.com\/en\/home\/","title":{"rendered":"Home"},"content":{"rendered":"<h2>Rreth nesh<\/h2>\n<p>2004 \u00ebsht\u00eb viti ku p\u00ebr her\u00eb t\u00eb par\u00eb zbarkoj marka e veturave AUDI n\u00eb vendin ton\u00eb, Kompania Reforma si diler zyrtar dhe i vetmi p\u00ebr territorin e Kosov\u00ebs hapi Auto Sallonin p\u00ebr shitje t\u00eb veturave dhe Servisin e autorizuar.<br \/>\nPlot 13 vite pun\u00eb t\u00eb palodhshme nga nj\u00eb ekip profesional dhe i trajnuar nga AUDI, kompania Reforma ka tejkaluar\u00a0pritshm\u00ebrit\u00eb duke pas\u00eb parasysh rrethanat n\u00eb t\u00eb cilat ka qen\u00eb vendi yn\u00eb.<br \/>\nNumri i madh i shitjes s\u00eb veturave dhe klient\u00ebve q\u00eb frekuentojn\u00eb cdo dit\u00eb servisin ton\u00eb tregon edhe nj\u00eb her\u00eb se pas\u00a0nj\u00eb pune profesionale dhe korrekte t\u00eb stafit ton\u00eb sukesi \u00ebsht\u00eb i pathyesh\u00ebm.<br \/>\nMe dat\u00eb 8 Shtator, Reforma paiset me licencen per Servis t\u00eb autorizuar edhe p\u00ebr VW, SKODA dhe SEAT.<\/p>\n<p>Auto Salloni<br \/>\nJeni t\u00eb lir\u00eb t\u00eb na vizitoni cdo dit\u00eb pune p\u00ebr t\u00eb shikuar nga af\u00ebr modelet e AUDI q\u00eb kemi n\u00eb show room&#8217;in ton\u00eb, apo ta konfiguroni vetur\u00ebn tuaj t\u00eb ardhshme, do t\u00eb priteni nga nj\u00eb staf profesional i cili do t\u00eb ju ndihmoj dhe k\u00ebshilloj nga af\u00ebr p\u00ebr k\u00ebrkesat e juaja.<\/p>\n<p>Auto Servisi<br \/>\nQ\u00eb vetura juaj t\u00eb mir\u00ebmbahet n\u00eb baz\u00eb t\u00eb rregullores s\u00eb prodhuesit, serivisi jon\u00eb i autorizuar ofron mund\u00ebsi ideale p\u00ebr mir\u00ebmbajtjen e vetur\u00ebs suaj VW AUDI SKODA SEAT, pjes\u00eb origjinale dhe garancion 2 vite nga prodhuesi.<\/p>","protected":false},"excerpt":{"rendered":"Rreth nesh 2004 \u00ebsht\u00eb viti ku p\u00ebr her\u00eb t\u00eb par\u00eb zbarkoj marka e veturave AUDI n\u00eb vendin ton\u00eb, Kompania Reforma si diler zyrtar dhe i vetmi p\u00ebr territorin e Kosov\u00ebs hapi Auto Sallonin p\u00ebr shitje t\u00eb veturave dhe Servisin e autorizuar. Plot 13 vite pun\u00eb t\u00eb palodhshme nga nj\u00eb ekip profesional dhe i trajnuar nga","protected":false},"author":1,"featured_media":0,"parent":0,"menu_order":0,"comment_status":"closed","ping_status":"closed","template":"page-home.php","meta":{"_acf_changed":false,"footnotes":""},"class_list":["post-8","page","type-page","status-publish","hentry"],"acf":[],"_links":{"self":[{"href":"https:\/\/reforma-pr.com\/en\/wp-json\/wp\/v2\/pages\/8","targetHints":{"allow":["GET"]}}],"collection":[{"href":"https:\/\/reforma-pr.com\/en\/wp-json\/wp\/v2\/pages"}],"about":[{"href":"https:\/\/reforma-pr.com\/en\/wp-json\/wp\/v2\/types\/page"}],"author":[{"embeddable":true,"href":"https:\/\/reforma-pr.com\/en\/wp-json\/wp\/v2\/users\/1"}],"replies":[{"embeddable":true,"href":"https:\/\/reforma-pr.com\/en\/wp-json\/wp\/v2\/comments?post=8"}],"version-history":[{"count":21,"href":"https:\/\/reforma-pr.com\/en\/wp-json\/wp\/v2\/pages\/8\/revisions"}],"predecessor-version":[{"id":284,"href":"https:\/\/reforma-pr.com\/en\/wp-json\/wp\/v2\/pages\/8\/revisions\/284"}],"wp:attachment":[{"href":"https:\/\/reforma-pr.com\/en\/wp-json\/wp\/v2\/media?parent=8"}],"curies":[{"name":"wp","href":"https:\/\/api.w.org\/{rel}","templated":true}]}}

<h2>Rreth nesh</h2>
<p>2004 është viti ku për herë të parë zbarkoj marka e veturave AUDI në vendin tonë, Kompania Reforma si diler zyrtar dhe i vetmi për territorin e Kosovës hapi Auto Sallonin për shitje të veturave dhe Servisin e autorizuar.<br />
Plot 13 vite punë të palodhshme nga një ekip profesional dhe i trajnuar nga AUDI, kompania Reforma ka tejkaluar pritshmëritë duke pasë parasysh rrethanat në të cilat ka qenë vendi ynë.<br />
Numri i madh i shitjes së veturave dhe klientëve që frekuentojnë cdo ditë servisin tonë tregon edhe një herë se pas një pune profesionale dhe korrekte të stafit tonë sukesi është i pathyeshëm.<br />
Me datë 8 Shtator, Reforma paiset me licencen per Servis të autorizuar edhe për VW, SKODA dhe SEAT.</p>
<p>Auto Salloni<br />
Jeni të lirë të na vizitoni cdo ditë pune për të shikuar nga afër modelet e AUDI që kemi në show room&#8217;in tonë, apo ta konfiguroni veturën tuaj të ardhshme, do të priteni nga një staf profesional i cili do të ju ndihmoj dhe këshilloj nga afër për kërkesat e juaja.</p>
<p>Auto Servisi<br />
Që vetura juaj të mirëmbahet në bazë të rregullores së prodhuesit, serivisi jonë i autorizuar ofron mundësi ideale për mirëmbajtjen e veturës suaj VW AUDI SKODA SEAT, pjesë origjinale dhe garancion 2 vite nga prodhuesi.</p>

Rreth nesh 2004 është viti ku për herë të parë zbarkoj marka e veturave AUDI në vendin tonë, Kompania Reforma si diler zyrtar dhe i vetmi për territorin e Kosovës hapi Auto Sallonin për shitje të veturave dhe Servisin e autorizuar. Plot 13 vite punë të palodhshme nga një ekip profesional dhe i trajnuar nga
